What are the prime factors of y?
2, 5, 17
Let j(t) = -1 + 2 - 7*t + 3*t**2 + t**3 + 6*t. List the prime factors of j(2).
19
Suppose 0 = 2*h - 6 + 2. Suppose n + h = 3. Suppose 0 = v - 4 + n. What are the prime factors of v?
3
Suppose -451 = -3*z + 767. What are the prime factors of z?
2, 7, 29
Let n = -39 + 1. What are the prime factors of n/(-5) - 6/(-15)?
2
Suppose 7*u + 24 = 3*u. Let h = u - -12. List the prime factors of h.
2, 3
Let x = -1 + 3. Suppose 5*r = -x*g + 33, -5*g + 4*r = r - 67. Let k = -3 + g. List the prime factors of k.
11
Let r = -93 - -196. List the prime factors of r.
103
Suppose -d = 3*d + 20, 3*d - 5 = -5*p. Let i(a) = a**3 - 4*a**2 + 4*a - 6. What are the prime factors of i(p)?
2, 5
Let f = 119 + -142. Suppose -5*y + 7 - 27 = 0. Let b = y - f. What are the prime factors of b?
19
Let v(a) = 2*a**3 + 2*a**2 - 3*a - 2. List the prime factors of v(2).
2
What are the prime factors of (-3)/12 + (-258)/(-8)?
2
Let l(i) = 95*i + 3. List the prime factors of l(1).
2, 7
What are the prime factors of (-6)/18 + 223/3?
2, 37
Let w(l) = l**2 - 8*l - 12. Let y be (-7)/(-2) - (-4)/8. Suppose -o - 30 = -y*o. What are the prime factors of w(o)?
2
Suppose -54 = -2*p - 4. What are the prime factors of p?
5
Suppose 2*o + 20 = 3*o. Let s = 40 - o. List the prime factors of s.
2, 5
Suppose 5*t - 2*u = -80, 2*t + 2 = -u - 21. List the prime factors of (46/(-4))/(7/t).
23
Let w = 6 + -1. Let u(j) = -j**3 + 5*j**2 - 4*j + 3. Let h be u(2). Suppose -2*g + h + w = 0. List the prime factors of g.
2, 3
Let n(q) = q**2 - 8*q + 10. Let f be n(7). Let x(w) = 2*w**2 - 3*w + 4. List the prime factors of x(f).
13
List the prime factors of (-519)/(-27) + 4/(-18).
19
Let d be ((-3)/2)/((-12)/32). Let w = -11 + 18. Let s = w + d. What are the prime factors of s?
11
Suppose 5*o - 2*q - 31 = 115, 3*o = -3*q + 96. What are the prime factors of o?
2, 3, 5
List the prime factors of (-1 - -12)/(132/(-68) + 2).
11, 17
Suppose -8*j - j + 882 = 0. What are the prime factors of j?
2, 7
List the prime factors of (-3)/((-105)/51 - -2).
3, 17
Suppose 4*w = w + 99. Let d = -17 + w. What are the prime factors of 0 + (-2)/1 + d?
2, 7
Let q = 10 - 8. Suppose q*s = 2 + 2. Let y = 8 - s. List the prime factors of y.
2, 3
Let j(i) = -i. Let u be j(3). Let x = u - -7. Suppose 0*d + x*d - 28 = 0. What are the prime factors of d?
7
Let n be ((-86)/(-5))/(2/(-10)). What are the prime factors of n/(-7) - 14/49?
2, 3
Let p(o) = o**3 + 13*o**2 - 2*o - 11. What are the prime factors of p(-13)?
3, 5
Let j = 157 - 13. List the prime factors of j.
2, 3
What are the prime factors of 1490/15 + 2/(-6)?
3, 11
Let i(f) = 3*f + 4. Let z(h) = 0 - h - h + 1. Let s be z(-1). What are the prime factors of i(s)?
13
Suppose 2*t = -4*w - 36, 60 = -5*t + 3*w - 7*w. List the prime factors of (-124)/(-16) - 2/t.
2
Let y(a) = a + 15. Let n be y(-11). Suppose n*u = -m + 56 + 67, 0 = 4*u - 5*m - 153. List the prime factors of u.
2
Let y(k) = -k + 1. Let w(b) = -b**3 - 7*b**2 - 5*b + 1. Let u be w(-6). What are the prime factors of y(u)?
2, 3
Suppose 2*h + 31 = 119. Let p = h - 13. List the prime factors of p.
31
Suppose -5*c + 6 - 32 = 4*q, 4*q + 24 = -4*c. Let i = c - -11. List the prime factors of i.
3
Suppose -3*n = 5*d - 100, 5*n + 3*d - 148 = n. List the prime factors of n.
2, 5
Let r be (-24)/2*(-2)/4. Let k be (r/4)/(3/8). Suppose -s = -0*s - d - 10, k*s - 34 = d. List the prime factors of s.
2
Let g(w) = 5*w. Let o be g(1). Suppose 2*v - m + 1 = -24, 40 = -o*v - 2*m. Let j = -5 - v. What are the prime factors of j?
5
List the prime factors of 308/9 + 14/(-63).
2, 17
Suppose 3*l = -0*l + 3*k + 198, -166 = -3*l - 5*k. Let s = l + -31. List the prime factors of s.
31
Let y = 19 - 16. What are the prime factors of (y + -3)/(-4) + 52?
2, 13
Let o(l) = l + 1. Let w(y) = -5*y - 4. Suppose -2*u - 3*u = -4*j + 31, 3*j - 6 = -2*u. Let a(g) = u*o(g) - w(g). List the prime factors of a(1).
3
Suppose 0 = o - x - 10, -3*x + 4*x = -4*o + 45. List the prime factors of o.
11
Suppose 0 = -3*p + a + 90, p - 5*a + 14 = 2*p. What are the prime factors of p?
29
Let i(v) = 5*v**3 + 5*v**2 + 2*v + 12. Let c(g) = -6*g**3 - 5*g**2 - 2*g - 13. Let o(h) = -4*c(h) - 5*i(h). List the prime factors of o(-6).
2, 5
Let g(o) = o**3 + 7*o**2 + 2*o + 5. Let f be g(-6). Let v = 41 - f. List the prime factors of v.
2, 3
Let n = -8 - -32. List the prime factors of n.
2, 3
Suppose -3 = -0*z + z, 0 = -4*d + 2*z + 34. Suppose 3*r + 192 = d*r. Suppose v - r = -3*v. What are the prime factors of v?
2, 3
Suppose -2*d - 12 = -4*c, 2*d - d = -2*c + 14. Let h = 8 - 14. Let n = d - h. List the prime factors of n.
2, 5
Let q(x) = -x**2 - 8*x - 4. Suppose 0 = -4*d + 16, -s + 4*s = 5*d - 41. What are the prime factors of q(s)?
3
Let y = 65 - 19. List the prime factors of y.
2, 23
Suppose -d - 4*m = -0*m - 42, -d + 54 = -2*m. List the prime factors of (-2)/8 - d/(-8).
2, 3
What are the prime factors of -11 + 7 - (0 + -9) - 1?
2
Let i = -1 - -1. Let p = i - -5. Suppose 0 = -4*w + p + 15, -q + 9 = w. What are the prime factors of q?
2
Let q be 5 + 1 - (3 - 2). Let x(i) = i**3 + 3*i**2 - 2. Let k be x(-2). Suppose -3*r + k*d - 1 + 5 = 0, -q*d + 20 = 0. What are the prime factors of r?
2
Suppose 0*j + j = 3. Let o be (4 - j) + 2 + 1. Suppose 0 = 3*u + 4*y - 44, 0*y + 24 = 2*u + o*y. What are the prime factors of u?
2, 5
List the prime factors of -3*((-608)/(-12))/(-4).
2, 19
Let a(i) = 12*i**2 + 1. Suppose -1 = -5*l - 6. List the prime factors of a(l).
13
Let n = -72 + 139. What are the prime factors of n?
67
Let z = 51 - 7. List the prime factors of z.
2, 11
Let g = -8 + 12. Let t be 10/14 + (-2)/(-7). What are the prime factors of (-2 - -2) + t + g?
5
Let y = -79 + 38. Let d = y - -23. What are the prime factors of d/4*8/(-12)?
3
Let c be ((-69)/12)/(2/(-8)). Suppose -4*r = 5*a - 32, -r + 5*a = -2*r + c. List the prime factors of r.
3
Suppose 3*r - 28 = -r. Suppose 11 = -3*i - r. List the prime factors of -3*(1 + 22/i).
2
Let i be -2 + 4 + 0 + 162. List the prime factors of (-12)/(-42) + i/14.
2, 3
Let m(s) = -s**3 - 5*s**2 - 3*s - 1. Let w be m(-4). Let o(n) = 1 - n + 6*n - 7*n - 2. What are the prime factors of o(w)?
3
Let v = 8 + 32. Let m = v + -29. List the prime factors of m.
11
Suppose -11*h = -h - 760. What are the prime factors of h?
2, 19
Let g be -1*(-6 + 0)/2. Suppose 0 = g*u - 4*q - 67, u - 7*q = -3*q + 17. What are the prime factors of u?
5
Let o(r) = 3 + r**2 + 0*r**2 + 21*r - 22*r. What are the prime factors of o(-3)?
3, 5
Let d(k) = -4*k**2 - 4*k + 5. Let z be d(-4). Let j = 65 + z. What are the prime factors of j?
2, 11
Suppose 5*n + 4*s = 742, -n + 6*s = s - 131. What are the prime factors of n?
2, 73
Suppose 0*h = h - 3*u + 11, 5*h = 2*u - 16. Let w be 2 - (-4 - -1 - h). What are the prime factors of 2/4*30/w?
5
Suppose 3*t + 1 = 7. Let y = 6 - t. What are the prime factors of (y/(-6))/((-14)/63)?
3
Suppose -m + 10 = 4*z, 4*z = 5 + 3. Let y = m - -3. Suppose 9 = 2*o - y. List the prime factors of o.
7
List the prime factors of (-6 - -7) + 286/2.
2, 3
Suppose -b + 1 = -0*b. What are the prime factors of (-18)/((-6)/4*b)?
2, 3
Suppose -5*o - x + 26 = 0, 5*o + 3*x - 18 = -0*o. List the prime factors of o.
2, 3
Let d = 39 + -8. List the prime factors of d.
31
Suppose -74 = 10*f - 1024. What are the prime factors of f?
5, 19
Let q(d) = d**2 - 5*d - 5. List the prime factors of q(-5).
3, 5
Let s(v) = v**3 + 10*v**2 + 5*v + 12. List the prime factors of s(-9).
2, 3
Let c = -9 - -4. Let q = -6 - c. Let j = q - -6. What are the prime factors of j?
5
Suppose -n + 2*n = 19. List the prime factors of n.
19
Let r = 18 - 12. Let s(o) = 12*o + 10. Let q be s(-7). List the prime factors of 1/(-3) - q/r.
2, 3
Suppose -v + 4*f = -114, 0*f = -4*v - f + 439. What are the prime factors of v?
2, 5, 11
Let t(p) be the third derivative of 0*p + 0*p**3 + 1/20*p**5 + 1/120*p**6 - 1/12*p**4 + 0 + 3*p**2. What are the prime factors of t(-3)?
2, 3
Let h(o) = 58*o - 9. List the prime factors of h(2).
107
Let q be (-51)/6 + (-2)/(-4). Let i be 42/(-18)*(q + -1). Suppose 2*l + l = i. List the prime factors of l.
7
Let y(g) be the first derivative of -3*g**2 - 9*g - 6. What are the prime factors of y(-8)?
3, 13
Suppose -7*g = -2*g - 20. Suppose 0 = -d - g, 83 =